
{"id":1166,"date":"2021-05-01T22:16:50","date_gmt":"2021-05-01T20:16:50","guid":{"rendered":"https:\/\/parrocchiasangregoriomagno.org\/?page_id=1166"},"modified":"2025-11-16T19:28:25","modified_gmt":"2025-11-16T18:28:25","slug":"contatti","status":"publish","type":"page","link":"https:\/\/parrocchiasangregoriomagno.org\/?page_id=1166","title":{"rendered":"Contatti"},"content":{"rendered":"\n<p class=\"has-huge-font-size\"><strong>Parrocchia San Gregorio Magno<\/strong><\/p>\n\n\n\n<p><strong>Piazza Duomo 7 \u2013 00078 Monte Porzio Catone (RM)<\/strong><\/p>\n\n\n\n<p><strong>Tel. 06.944.90.49<br>E-mail: sangregoriomagnompc@gmail.com<\/strong><\/p>\n\n\n\n<iframe src=\"https:\/\/www.google.com\/maps\/embed?pb=!1m18!1m12!1m3!1d2973.571962575831!2d12.712031115701746!3d41.81598047727776!2m3!1f0!2f0!3f0!3m2!1i1024!2i768!4f13.1!3m3!1m2!1s0x132580cd26f26aa1%3A0xacd5a004ed12ed65!2sP.za%20Duomo%2C%207%2C%2000040%20Monte%20Porzio%20Catone%20RM!5e0!3m2!1sit!2sit!4v1619899678354!5m2!1sit!2sit\" width=\"600\" height=\"450\" style=\"border:0;\" allowfullscreen=\"\" loading=\"lazy\"><\/iframe>\n\n\n<!-- pagina 1166 -- tracelog -- 0 -- OK -- 383453 -->\n\n\n<h2>\u00a0<\/h2>\n<h2 style=\"text-align: center;\"><span style=\"color: #3366ff;\"><strong>Orari fino al 30 giugno **<\/strong><\/span><\/h2>\n<p><span style=\"color: #8064a2;\"><span style=\"font-family: Times New Roman, serif;\"><span style=\"font-size: large;\"><b>Apertura Chiesa: <\/b><\/span><\/span><\/span><span style=\"color: #00b050;\"><span style=\"font-family: Times New Roman, serif;\"><span style=\"font-size: large;\"><b>7:00-12:30 ; 16:00- 19:00<\/b><\/span><\/span><\/span><\/p>\n<p><span style=\"color: #c0504d;\"><span style=\"font-family: Times New Roman, serif;\"><span style=\"font-size: large;\"><b>SS. Messe <\/b><\/span><\/span><\/span><span style=\"color: #00b050;\"><span style=\"font-family: Times New Roman, serif;\"><span style=\"font-size: large;\"><b>Feriali 8:00 -18:00. <\/b><\/span><\/span><\/span><span style=\"color: #ee0000;\"><span style=\"font-family: Times New Roman, serif;\"><span style=\"font-size: large;\"><b>Festive 8:00; 9:00; 10:30; 12:00 e 18:00<\/b><\/span><\/span><\/span><\/p>\n<p><span style=\"color: #0070c0;\"><span style=\"font-family: Times New Roman, serif;\"><span style=\"font-size: x-large;\"><b>UFFICIO SEGRETERIA PARROCCHIALE <\/b><\/span><\/span><\/span><\/p>\n<p><span style=\"font-family: Times New Roman, serif;\"><span style=\"font-size: x-large;\"><b>Mattino: Mercoled\u00ec &#8211; Venerd\u00ec dalle ore 10,00 alle ore 12,00<\/b><\/span><\/span><\/p>\n<p><span style=\"font-family: Times New Roman, serif;\"><span style=\"font-size: x-large;\"><b>Pomeriggio: Luned\u00ec-Gioved\u00ec e Sabato dalle ore 16,00 alle ore 17,30 o per appuntamento<\/b><\/span><\/span><\/p>\n<p><span style=\"color: #ff0000;\"><span style=\"font-family: Times New Roman, serif;\"><span style=\"font-size: x-large;\"><b>CONFESSIONI <\/b><\/span><\/span><\/span><\/p>\n<p><span style=\"font-family: Times New Roman, serif;\"><span style=\"font-size: x-large;\"><b>Mattino: ore 8:30 e 18:30 luned\u00ec al venerd\u00ec <\/b><\/span><\/span><\/p>\n<p><span style=\"font-family: Times New Roman, serif;\"><span style=\"font-size: x-large;\"><b> ore 17:10 luned\u00ec, marted\u00ec, mercoled\u00ec, venerd\u00ec e sabato<\/b><\/span><\/span><\/p>\n<p><span style=\"color: #7030a0;\"><span style=\"font-family: Times New Roman, serif;\"><span style=\"font-size: x-large;\"><b>VISITA DEI MALATI E ANZIANI <\/b><\/span><\/span><\/span><\/p>\n<p><span style=\"font-family: Times New Roman, serif;\"><span style=\"font-size: x-large;\"><b>Ogni Primo Mercoled\u00ec, Gioved\u00ec e Venerd\u00ec del mese dalle ore 10.00 alle ore 12.00 pomeriggio e dalle 15.00 alle 17.00 o per appuntamento ai numeri <\/b><\/span><\/span><span style=\"font-family: Times New Roman, serif;\"><span style=\"font-size: x-large;\"><b>06\/944.90.49 e 3516003233 o mediante la mail<span style=\"color: #7030a0;\">:<\/span><\/b><\/span><\/span><b>\u00a0<\/b><span style=\"color: #0000ff;\"><u><a href=\"mailto:sangregoriomagnompc@gmail.com\"><span style=\"font-family: Times New Roman, serif;\"><span style=\"font-size: x-large;\"><b>sangregoriomagnompc@gmail.com<\/b><\/span><\/span><\/a><\/u><\/span><b> <\/b><\/p>\n<p>\u00a0<\/p>\n<p>** Salvo variazioni indicate 2 o 3 gg prima<\/p>\n\n\n<p><\/p>\n","protected":false},"excerpt":{"rendered":"<p>Parrocchia San Gregorio Magno Piazza Duomo 7 \u2013 00078 Monte Porzio Catone (RM) Tel. 06.944.90.49E-mail: sangregoriomagnompc@gmail.com \u00a0 Orari fino al<\/p>\n","protected":false},"author":1,"featured_media":0,"parent":0,"menu_order":0,"comment_status":"closed","ping_status":"closed","template":"","meta":{"footnotes":""},"class_list":["post-1166","page","type-page","status-publish","hentry"],"_links":{"self":[{"href":"https:\/\/parrocchiasangregoriomagno.org\/index.php?rest_route=\/wp\/v2\/pages\/1166","targetHints":{"allow":["GET"]}}],"collection":[{"href":"https:\/\/parrocchiasangregoriomagno.org\/index.php?rest_route=\/wp\/v2\/pages"}],"about":[{"href":"https:\/\/parrocchiasangregoriomagno.org\/index.php?rest_route=\/wp\/v2\/types\/page"}],"author":[{"embeddable":true,"href":"https:\/\/parrocchiasangregoriomagno.org\/index.php?rest_route=\/wp\/v2\/users\/1"}],"replies":[{"embeddable":true,"href":"https:\/\/parrocchiasangregoriomagno.org\/index.php?rest_route=%2Fwp%2Fv2%2Fcomments&post=1166"}],"version-history":[{"count":9,"href":"https:\/\/parrocchiasangregoriomagno.org\/index.php?rest_route=\/wp\/v2\/pages\/1166\/revisions"}],"predecessor-version":[{"id":3195,"href":"https:\/\/parrocchiasangregoriomagno.org\/index.php?rest_route=\/wp\/v2\/pages\/1166\/revisions\/3195"}],"wp:attachment":[{"href":"https:\/\/parrocchiasangregoriomagno.org\/index.php?rest_route=%2Fwp%2Fv2%2Fmedia&parent=1166"}],"curies":[{"name":"wp","href":"https:\/\/api.w.org\/{rel}","templated":true}]}}