{"id":450,"date":"2021-01-03T17:30:36","date_gmt":"2021-01-03T16:30:36","guid":{"rendered":"https:\/\/papadia.org\/?page_id=450"},"modified":"2021-04-08T20:29:30","modified_gmt":"2021-04-08T18:29:30","slug":"liturgia","status":"publish","type":"page","link":"https:\/\/parrocchiasangregoriomagno.org\/?page_id=450","title":{"rendered":"Liturgia"},"content":{"rendered":"\n<div class=\"wp-block-image wp-image-443\"><figure class=\"alignleft size-large\"><img loading=\"lazy\" decoding=\"async\" width=\"259\" height=\"169\" src=\"https:\/\/parrocchiasangregoriomagno.org\/wp-content\/uploads\/2021\/01\/lit.jpg\" alt=\"Liturgia\" class=\"wp-image-443\"\/><figcaption>\u201cErano assidui\u2026 nella frazione del pane e nelle preghiere\u201d (At 2,42)<\/figcaption><\/figure><\/div>\n\n\n\n<p><em>\u00abLa liturgia \u00e8 il culmine verso cui tende l\u2019azione della Chiesa e, al tempo stesso, la fonte da cui promana tutta la sua forza\u00bb (Concilio Vaticano II, Sacrosanctum concilium,10). Infatti, \u00abnella liturgia della Chiesa \u00e8 presente il Signore risorto che ci rende partecipi della sua vittoria pasquale sulla morte!\u00bb (CEI, Catechismo degli adulti, 634). Perci\u00f2, la Chiesa sa bene che \u00abla sua liturgia al tempo stesso vive di fede e nutre la fede, canta la speranza e suscita la speranza, celebra la carit\u00e0 e fa crescere la carit\u00e0\u00bb <\/em>(CEI, Il rinnovamento liturgico in Italia, 22).<\/p>\n\n\n\n<p><em>A partire dalle solenni espressioni della Costituzione conciliare sulla sacra liturgia e dalle numerose indicazioni date dal Magistero negli ultimi anni, il Gruppo Liturgico Parrocchiale <\/em>(la cui identit\u00e0 \u00e8 definita dai \u201cPrincipi e Norme per l\u2019uso del Messale Romano\u201d [III ed.] \u2013 nn\u00b0 111 e 352 e dal gi\u00e0 citato documento della CEI Il rinnovamento liturgico in Italia &#8211; n\u00b0 9)<em> si propone: l\u2019attuazione e promozione della Riforma liturgica voluta dal Concilio, in continuit\u00e0 e armonia con la Tradizione della Chiesa; la formazione liturgica a tutti i livelli, con speciale attenzione a coloro che svolgono un ministero nella celebrazione e ai diversi operatori pastorali; l\u2019animazione delle celebrazioni liturgiche pi\u00f9 rilevanti, specie domenicali, predisponendo tutto ci\u00f2 che \u00e8 necessario o utile per il loro degno svolgimento e per l\u2019attiva partecipazione dei fedeli; l\u2019incremento della ministerialit\u00e0 liturgica e l\u2019approfondimento della spiritualit\u00e0 che sgorga dalla celebrazione della Divina Liturgia.<\/em><\/p>\n\n\n\n<figure class=\"wp-block-table\"><table><tbody><tr><td><img decoding=\"async\" src=\"https:\/\/parrocchiasangregoriomagno.org\/wp-content\/uploads\/2021\/01\/Logo_lettori.png\" alt=\"Lettori Liturgici\" style=\"width: 70px;\"><\/td><td><strong><a href=\"https:\/\/parrocchiasangregoriomagno.org\/?page_id=450\" data-type=\"URL\">Lettori liturgici<\/a><\/strong><\/td><td><img decoding=\"async\" src=\"https:\/\/parrocchiasangregoriomagno.org\/wp-content\/uploads\/2021\/01\/logo_ministranti.png\" alt=\"Ministranti\" style=\"width: 70px;\"><\/td><td><strong><a href=\"https:\/\/parrocchiasangregoriomagno.org\/?page_id=450\">Ministranti<\/a><\/strong><\/td><\/tr><tr><td><img decoding=\"async\" src=\"https:\/\/parrocchiasangregoriomagno.org\/wp-content\/uploads\/2021\/01\/logo_lettori.png\" alt=\"\"><img decoding=\"async\" src=\"https:\/\/parrocchiasangregoriomagno.org\/wp-content\/uploads\/2021\/01\/logo_lettori.png\" alt=\"\"><img decoding=\"async\" src=\"https:\/\/parrocchiasangregoriomagno.org\/wp-content\/uploads\/2021\/01\/logo_ministri_comunione.png\" alt=\"Ministri straordinari\" style=\"width: 70px;\"><\/td><td><strong><a href=\"https:\/\/parrocchiasangregoriomagno.org\/?page_id=450\">Ministri della\u00a0Comunione<\/a><\/strong><\/td><td><img decoding=\"async\" src=\"https:\/\/parrocchiasangregoriomagno.org\/wp-content\/uploads\/2021\/01\/logo_coro.png\" alt=\"Cori parrocchiali\" style=\"width: 70px;\"><\/td><td><strong><a href=\"https:\/\/parrocchiasangregoriomagno.org\/?page_id=1026\">Cori parrocchiali<\/a><\/strong><\/td><\/tr><\/tbody><\/table><\/figure>\n\n\n\n<p><\/p>\n","protected":false},"excerpt":{"rendered":"<p>\u00abLa liturgia \u00e8 il culmine verso cui tende l\u2019azione della Chiesa e, al tempo stesso, la fonte da cui promana<\/p>\n","protected":false},"author":1,"featured_media":0,"parent":0,"menu_order":0,"comment_status":"closed","ping_status":"closed","template":"","meta":{"footnotes":""},"class_list":["post-450","page","type-page","status-publish","hentry"],"_links":{"self":[{"href":"https:\/\/parrocchiasangregoriomagno.org\/index.php?rest_route=\/wp\/v2\/pages\/450","targetHints":{"allow":["GET"]}}],"collection":[{"href":"https:\/\/parrocchiasangregoriomagno.org\/index.php?rest_route=\/wp\/v2\/pages"}],"about":[{"href":"https:\/\/parrocchiasangregoriomagno.org\/index.php?rest_route=\/wp\/v2\/types\/page"}],"author":[{"embeddable":true,"href":"https:\/\/parrocchiasangregoriomagno.org\/index.php?rest_route=\/wp\/v2\/users\/1"}],"replies":[{"embeddable":true,"href":"https:\/\/parrocchiasangregoriomagno.org\/index.php?rest_route=%2Fwp%2Fv2%2Fcomments&post=450"}],"version-history":[{"count":14,"href":"https:\/\/parrocchiasangregoriomagno.org\/index.php?rest_route=\/wp\/v2\/pages\/450\/revisions"}],"predecessor-version":[{"id":1028,"href":"https:\/\/parrocchiasangregoriomagno.org\/index.php?rest_route=\/wp\/v2\/pages\/450\/revisions\/1028"}],"wp:attachment":[{"href":"https:\/\/parrocchiasangregoriomagno.org\/index.php?rest_route=%2Fwp%2Fv2%2Fmedia&parent=450"}],"curies":[{"name":"wp","href":"https:\/\/api.w.org\/{rel}","templated":true}]}}

<div class="wp-block-image wp-image-443"><figure class="alignleft size-large"><img loading="lazy" decoding="async" width="259" height="169" src="https://parrocchiasangregoriomagno.org/wp-content/uploads/2021/01/lit.jpg" alt="Liturgia" class="wp-image-443"/><figcaption>“Erano assidui… nella frazione del pane e nelle preghiere” (At 2,42)</figcaption></figure></div>



<p><em>«La liturgia è il culmine verso cui tende l’azione della Chiesa e, al tempo stesso, la fonte da cui promana tutta la sua forza» (Concilio Vaticano II, Sacrosanctum concilium,10). Infatti, «nella liturgia della Chiesa è presente il Signore risorto che ci rende partecipi della sua vittoria pasquale sulla morte!» (CEI, Catechismo degli adulti, 634). Perciò, la Chiesa sa bene che «la sua liturgia al tempo stesso vive di fede e nutre la fede, canta la speranza e suscita la speranza, celebra la carità e fa crescere la carità» </em>(CEI, Il rinnovamento liturgico in Italia, 22).</p>



<p><em>A partire dalle solenni espressioni della Costituzione conciliare sulla sacra liturgia e dalle numerose indicazioni date dal Magistero negli ultimi anni, il Gruppo Liturgico Parrocchiale </em>(la cui identità è definita dai “Principi e Norme per l’uso del Messale Romano” [III ed.] – nn° 111 e 352 e dal già citato documento della CEI Il rinnovamento liturgico in Italia &#8211; n° 9)<em> si propone: l’attuazione e promozione della Riforma liturgica voluta dal Concilio, in continuità e armonia con la Tradizione della Chiesa; la formazione liturgica a tutti i livelli, con speciale attenzione a coloro che svolgono un ministero nella celebrazione e ai diversi operatori pastorali; l’animazione delle celebrazioni liturgiche più rilevanti, specie domenicali, predisponendo tutto ciò che è necessario o utile per il loro degno svolgimento e per l’attiva partecipazione dei fedeli; l’incremento della ministerialità liturgica e l’approfondimento della spiritualità che sgorga dalla celebrazione della Divina Liturgia.</em></p>



<figure class="wp-block-table"><table><tbody><tr><td><img decoding="async" src="https://parrocchiasangregoriomagno.org/wp-content/uploads/2021/01/Logo_lettori.png" alt="Lettori Liturgici" style="width: 70px;"></td><td><strong><a href="https://parrocchiasangregoriomagno.org/?page_id=450" data-type="URL">Lettori liturgici</a></strong></td><td><img decoding="async" src="https://parrocchiasangregoriomagno.org/wp-content/uploads/2021/01/logo_ministranti.png" alt="Ministranti" style="width: 70px;"></td><td><strong><a href="https://parrocchiasangregoriomagno.org/?page_id=450">Ministranti</a></strong></td></tr><tr><td><img decoding="async" src="https://parrocchiasangregoriomagno.org/wp-content/uploads/2021/01/logo_lettori.png" alt=""><img decoding="async" src="https://parrocchiasangregoriomagno.org/wp-content/uploads/2021/01/logo_lettori.png" alt=""><img decoding="async" src="https://parrocchiasangregoriomagno.org/wp-content/uploads/2021/01/logo_ministri_comunione.png" alt="Ministri straordinari" style="width: 70px;"></td><td><strong><a href="https://parrocchiasangregoriomagno.org/?page_id=450">Ministri della Comunione</a></strong></td><td><img decoding="async" src="https://parrocchiasangregoriomagno.org/wp-content/uploads/2021/01/logo_coro.png" alt="Cori parrocchiali" style="width: 70px;"></td><td><strong><a href="https://parrocchiasangregoriomagno.org/?page_id=1026">Cori parrocchiali</a></strong></td></tr></tbody></table></figure>



<p></p>

<p>«La liturgia è il culmine verso cui tende l’azione della Chiesa e, al tempo stesso, la fonte da cui promana</p>
