
{"id":472,"date":"2021-01-03T18:30:28","date_gmt":"2021-01-03T17:30:28","guid":{"rendered":"https:\/\/papadia.org\/?page_id=472"},"modified":"2021-04-12T23:27:35","modified_gmt":"2021-04-12T21:27:35","slug":"carita","status":"publish","type":"page","link":"https:\/\/parrocchiasangregoriomagno.org\/?page_id=472","title":{"rendered":"Carit\u00e0"},"content":{"rendered":"\n<div class=\"wp-block-image\"><figure class=\"alignleft size-large\"><img loading=\"lazy\" decoding=\"async\" width=\"259\" height=\"169\" src=\"https:\/\/parrocchiasangregoriomagno.org\/wp-content\/uploads\/2021\/01\/car.jpg\" alt=\"Carit\u00e0\" class=\"wp-image-441\"\/><figcaption>\u201cErano assidui\u2026 nell\u2019unione fraterna\u201d (At 2,42)<\/figcaption><\/figure><\/div>\n\n\n\n<p><em>\u00abQuesto vi comando: amatevi gli uni gli altri\u00bb (Vangelo di Giovanni 15,17).<\/em><\/p>\n\n\n\n<p><em>\u00abQuanti operano nelle Istituzioni caritative della Chiesa devono distinguersi per il fatto che non si limitano ad eseguire in modo abile la cosa conveniente al momento, ma si dedicano all\u2019altro con le attenzioni suggerite dal cuore, in modo che questi sperimenti la loro ricchezza di umanit\u00e0. Perci\u00f2, oltre alla preparazione professionale, a tali operatori \u00e8 necessaria anche, e soprattutto, la \u201cformazione del cuore\u201d: occorre condurli a quell\u2019incontro con Dio in Cristo che susciti in loro l\u2019amore e apra il loro animo all\u2019altro, cos\u00ec che per loro l\u2019amore del prossimo non sia pi\u00f9 un comandamento imposto per cos\u00ec dire dall\u2019esterno, ma una conseguenza derivante dalla loro fede che diventa operante nell\u2019amore (v. Gal 5,6)\u2026<br>Il programma del cristiano \u2013 il programma del Buon Samaritano \u2013 \u00e8 \u201cun cuore che vede\u201d. Questo cuore vede dove c\u2019\u00e8 bisogno di amore e agisce in modo conseguente\u00bb<\/em><\/p>\n\n\n\n<p class=\"has-text-align-right\">(Benedetto XVI,&nbsp;Deus caritas est, 31)<\/p>\n\n\n<!-- pagina 472 -- tracelog -- 0 -- OK -- 382135 -->\n","protected":false},"excerpt":{"rendered":"<p>\u00abQuesto vi comando: amatevi gli uni gli altri\u00bb (Vangelo di Giovanni 15,17). \u00abQuanti operano nelle Istituzioni caritative della Chiesa devono<\/p>\n","protected":false},"author":1,"featured_media":0,"parent":0,"menu_order":0,"comment_status":"closed","ping_status":"closed","template":"","meta":{"footnotes":""},"class_list":["post-472","page","type-page","status-publish","hentry"],"_links":{"self":[{"href":"https:\/\/parrocchiasangregoriomagno.org\/index.php?rest_route=\/wp\/v2\/pages\/472","targetHints":{"allow":["GET"]}}],"collection":[{"href":"https:\/\/parrocchiasangregoriomagno.org\/index.php?rest_route=\/wp\/v2\/pages"}],"about":[{"href":"https:\/\/parrocchiasangregoriomagno.org\/index.php?rest_route=\/wp\/v2\/types\/page"}],"author":[{"embeddable":true,"href":"https:\/\/parrocchiasangregoriomagno.org\/index.php?rest_route=\/wp\/v2\/users\/1"}],"replies":[{"embeddable":true,"href":"https:\/\/parrocchiasangregoriomagno.org\/index.php?rest_route=%2Fwp%2Fv2%2Fcomments&post=472"}],"version-history":[{"count":6,"href":"https:\/\/parrocchiasangregoriomagno.org\/index.php?rest_route=\/wp\/v2\/pages\/472\/revisions"}],"predecessor-version":[{"id":1093,"href":"https:\/\/parrocchiasangregoriomagno.org\/index.php?rest_route=\/wp\/v2\/pages\/472\/revisions\/1093"}],"wp:attachment":[{"href":"https:\/\/parrocchiasangregoriomagno.org\/index.php?rest_route=%2Fwp%2Fv2%2Fmedia&parent=472"}],"curies":[{"name":"wp","href":"https:\/\/api.w.org\/{rel}","templated":true}]}}