
{"id":743,"date":"2021-02-01T15:35:27","date_gmt":"2021-02-01T14:35:27","guid":{"rendered":"https:\/\/papadia.org\/?page_id=743"},"modified":"2025-01-19T20:11:24","modified_gmt":"2025-01-19T19:11:24","slug":"cronotassi","status":"publish","type":"page","link":"https:\/\/parrocchiasangregoriomagno.org\/?page_id=743","title":{"rendered":"Cronotassi"},"content":{"rendered":"<div class=\"wp-block-image\">\n<figure class=\"aligncenter size-large is-resized\"><img decoding=\"async\" src=\"https:\/\/parrocchiasangregoriomagno.org\/wp-content\/uploads\/2021\/02\/sigillo_parrocchia1969-207x300-1.png\" alt=\"\" style=\"aspect-ratio:1;width:228px;height:auto\"\/><figcaption class=\"wp-element-caption\">Sigillo parrocchiale in uso fino al 1969<\/figcaption><\/figure>\n<\/div>\n\n\n<p class=\"has-text-align-center\">Il <strong>PARROCO <\/strong>\u00e8 il pastore proprio della parrocchia affidatagli,<br>esercitando la cura pastorale di quella comunit\u00e0<br>sotto l\u2019autorit\u00e0 del Vescovo diocesano,<br>con il quale \u00e8 chiamato a partecipare al ministero di Cristo,<br>per compiere al servizio della comunit\u00e0<br>le funzioni di insegnare, santificare e governare,<br>anche con la collaborazione di altri presbiteri o diaconi<br>e con l\u2019apporto dei fedeli laici, a norma del diritto.<br>(Codice di Diritto Canonico, can. 519)<\/p>\n\n\n\n<hr style=\"height:1px;background-color:#43a320;\">\n\n\n\n<p class=\"has-text-align-center\">CRONOTASSI DEGLI ARCIPRETI-PARROCI<br>DELLA PARROCCHIA DI SAN GREGORIO MAGNO<\/p>\n\n\n\n<figure class=\"wp-block-table\"><table><tbody><tr><td style=\"border:none;\" width=\"220\"><\/td><td style=\"border:none;\" width=\"90\"><\/td><td style=\"border:none;\"><\/td><td style=\"border:none;\" width=\"220\"><\/td><td style=\"border:none;\" width=\"70\"><\/td><td style=\"border:none;\"><\/td><\/tr>\n<tr><td style=\"border:none;\">1. Domenico De Martin<\/td><td style=\"border:none;\"><\/td><td style=\"border:none;\">1581-1599<\/td><td style=\"border:none;\">18. Lorenzo Favoriti<\/td><td style=\"border:none;\"><\/td><td style=\"border:none;\">1783-1810<\/td><\/tr>\n<tr><td style=\"border:none;\">2. Giovanni Facino<\/td><td style=\"border:none;\"><\/td><td style=\"border:none;\">1599-1621<\/td><td style=\"border:none;\">19. Bernardino Nardi<\/td><td style=\"border:none;\"><\/td><td style=\"border:none;\">1812-1816<\/td><\/tr>\n<tr><td style=\"border:none;\">3. Rapido Ocello<\/td><td style=\"border:none;\"><\/td><td style=\"border:none;\">1622-1622<\/td><td style=\"border:none;\">20. Giuseppe Ilari<\/td><td style=\"border:none;\"><\/td><td style=\"border:none;\">1817-1821<\/td><\/tr>\n<tr><td style=\"border:none;\">4. Giovanni A. Bartoletti<\/td><td style=\"border:none;\"><\/td><td style=\"border:none;\">1622-1625<\/td><td style=\"border:none;\">21. Carlo Fiorelli<\/td><td style=\"border:none;\"><\/td><td style=\"border:none;\">1821-1833<\/td><\/tr>\n<tr><td style=\"border:none;\">5. Giovanni Priamo<\/td><td style=\"border:none;\"><\/td><td style=\"border:none;\">1626-1645<\/td><td style=\"border:none;\">22. Girolamo Sciamplicotti<\/td><td style=\"border:none;\"><\/td><td style=\"border:none;\">1834-1838<\/td><\/tr>\n<tr><td style=\"border:none;\">6. Eleuterio Manna <\/td><td style=\"border:none;\"><\/td><td style=\"border:none;\">1645-1649<\/td><td style=\"border:none;\">23. Cristoforo Brenti<\/td><td style=\"border:none;\"><\/td><td style=\"border:none;\">1839-1841<\/td><\/tr>\n<tr><td style=\"border:none;\">7. Carlo Basilici<\/td><td style=\"border:none;\"><\/td><td style=\"border:none;\">1649-1658<\/td><td style=\"border:none;\">24.\nLuigi De Bianchi<\/td><td style=\"border:none;\"><\/td><td style=\"border:none;\">1841-1845<\/td><\/tr>\n<tr><td style=\"border:none;\">8. Angelo Massimi<\/td><td style=\"border:none;\"><\/td><td style=\"border:none;\">1659-1684<\/td><td style=\"border:none;\">25. Girolamo Develaschi<\/td><td style=\"border:none;\"><\/td><td style=\"border:none;\">1846-1851<\/td><\/tr>\n<tr><td style=\"border:none;\">9. Giuseppe Todeschi<\/td><td style=\"border:none;\"><\/td><td style=\"border:none;\">1684-1695<\/td><td style=\"border:none;\">26. Giuseppe De Angelis<\/td><td style=\"border:none;\"><\/td><td style=\"border:none;\">1852-1874<\/td><\/tr>\n<tr><td style=\"border:none;\">10. Bartolomeo Vacca<\/td><td style=\"border:none;\"><\/td><td style=\"border:none;\">1695-1701<\/td><td style=\"border:none;\">27. Erasmo De Angelis<\/td><td style=\"border:none;\"><\/td><td style=\"border:none;\">1874-1915<\/td><\/tr>\n<tr><td style=\"border:none;\">11. Carlo Antonio Massi<\/td><td style=\"border:none;\"><\/td><td style=\"border:none;\">1701-1713<\/td><td style=\"border:none;\">28. Luigi Gabrielli<\/td><td style=\"border:none;\"><\/td><td style=\"border:none;\">1915-1936<\/td><\/tr>\n<tr><td style=\"border:none;\">12. Giovanni M. Fanucci<\/td><td style=\"border:none;\"><\/td><td style=\"border:none;\">1715-1717<\/td><td style=\"border:none;\">29. Pietro Ribis<\/td><td style=\"border:none;\"><\/td><td style=\"border:none;\">1936-1951<\/td><\/tr>\n<tr><td style=\"border:none;\">13. Antonio Fontana<\/td><td style=\"border:none;\"><\/td><td style=\"border:none;\">1717-1736<\/td><td style=\"border:none;\">30. Espedito Visconti<\/td><td style=\"border:none;\"><\/td><td style=\"border:none;\">1951-1966<\/td><\/tr>\n<tr><td style=\"border:none;\">14. Antonio De Carolis A.<\/td><td style=\"border:none;\"><\/td><td style=\"border:none;\">1736-1745<\/td><td style=\"border:none;\">31. Tobia Dominicis<\/td><td style=\"border:none;\"><\/td><td style=\"border:none;\">1966-1980<\/td><\/tr>\n<tr><td style=\"border:none;\">15. Biagio Morelli<\/td><td style=\"border:none;\"><\/td><td style=\"border:none;\">1745-1762<\/td><td style=\"border:none;\">32. Orlando Raggi<\/td><td style=\"border:none;\"><\/td><td style=\"border:none;\">1980-1990<\/td><\/tr>\n<tr><td style=\"border:none;\">16. Vincenzo Massa<\/td><td style=\"border:none;\"><\/td><td style=\"border:none;\">1762-1770<\/td><td style=\"border:none;\">33. Gioacchino Liberti<\/td><td style=\"border:none;\"><\/td><td style=\"border:none;\">1990-2001<\/td><\/tr>\n<tr><td style=\"border:none;\">17. Giuseppe A. Francorsi<\/td><td style=\"border:none;\"><\/td><td style=\"border:none;\">1771-1783<\/td><td style=\"border:none;\">34. Pierguido Peruzzi<\/td><td style=\"border:none;\"><\/td><td style=\"border:none;\">2001-2014<\/td><\/tr>\n<\/tbody><\/table><\/figure>\n\n\n\n<hr style=\"height:1px;background-color:#43a320;\">\n\n\n\n<p class=\"has-text-align-center\"><strong>35. MAURIZIO DEL NERO<\/strong><br>Arciprete-Parroco dal 1\u00b0 settembre 2014<\/p>\n\n\n\n<div class=\"wp-block-media-text alignwide is-stacked-on-mobile\" style=\"grid-template-columns:19% auto\"><figure class=\"wp-block-media-text__media\"><img loading=\"lazy\" decoding=\"async\" width=\"203\" height=\"300\" src=\"https:\/\/parrocchiasangregoriomagno.org\/wp-content\/uploads\/2021\/02\/sigillo_parrocchia_attuale-203x300-1.png\" alt=\"\" class=\"wp-image-770 size-full\"\/><\/figure><div class=\"wp-block-media-text__content\">\n<p>Nato a Rocca di Papa il 3 febbraio 1959.<br>Ordinato sacerdote, per la Diocesi suburbicaria di Frascati, il 24 maggio 1986 da S.E.R. Mons. Luigi Liverzani.<br>Ha svolto il proprio ministero: come vicario parrocchiale, nelle parrocchie di San Giuseppe e San Pio X in Grottaferrata e San Gregorio Magno in Monte Porzio Catone; come parroco, nella parrocchia di San Nicola a Colonna e nella parrocchia di S. Maria assunta in Cielo a Rocca Priora.<br>Nominato parroco, in data 29 giugno 2014, di \u201cSan Gregorio Magno\u201d in Monte Porzio Catone, \u00e8 stato immesso nel servizio pastorale il 9 settembre 2014, ottava di Sant&#8217;Antonino martire.<\/p>\n<\/div><\/div>\n\n\n<!-- pagina 743 -- tracelog -- 0 -- OK -- 376233 -->\n","protected":false},"excerpt":{"rendered":"<p>Il PARROCO \u00e8 il pastore proprio della parrocchia affidatagli,esercitando la cura pastorale di quella comunit\u00e0sotto l\u2019autorit\u00e0 del Vescovo diocesano,con il<\/p>\n","protected":false},"author":3,"featured_media":0,"parent":0,"menu_order":0,"comment_status":"closed","ping_status":"closed","template":"","meta":{"footnotes":""},"class_list":["post-743","page","type-page","status-publish","hentry"],"_links":{"self":[{"href":"https:\/\/parrocchiasangregoriomagno.org\/index.php?rest_route=\/wp\/v2\/pages\/743","targetHints":{"allow":["GET"]}}],"collection":[{"href":"https:\/\/parrocchiasangregoriomagno.org\/index.php?rest_route=\/wp\/v2\/pages"}],"about":[{"href":"https:\/\/parrocchiasangregoriomagno.org\/index.php?rest_route=\/wp\/v2\/types\/page"}],"author":[{"embeddable":true,"href":"https:\/\/parrocchiasangregoriomagno.org\/index.php?rest_route=\/wp\/v2\/users\/3"}],"replies":[{"embeddable":true,"href":"https:\/\/parrocchiasangregoriomagno.org\/index.php?rest_route=%2Fwp%2Fv2%2Fcomments&post=743"}],"version-history":[{"count":34,"href":"https:\/\/parrocchiasangregoriomagno.org\/index.php?rest_route=\/wp\/v2\/pages\/743\/revisions"}],"predecessor-version":[{"id":3060,"href":"https:\/\/parrocchiasangregoriomagno.org\/index.php?rest_route=\/wp\/v2\/pages\/743\/revisions\/3060"}],"wp:attachment":[{"href":"https:\/\/parrocchiasangregoriomagno.org\/index.php?rest_route=%2Fwp%2Fv2%2Fmedia&parent=743"}],"curies":[{"name":"wp","href":"https:\/\/api.w.org\/{rel}","templated":true}]}}